-3)/(-81). Let o = d - -114. Let z(l) = -l**3 - 2*l**2 + 4*l + 5. Give z(o).
21
Let p(n) = n**3 + n**2 + 2. Let m(z) = -z + 14. Let d be m(-3). Suppose 7*f = -d*f - 72. Give p(f).
-16
Let p(z) = -12*z - 67. Let q be p(-6). Let u(t) = 13 - q*t - 22 + 0 + t**2. What is u(7)?
5
Suppose 7 = -5*u - 4*t - 3, t = u - 7. Let y(r) be the first derivative of -3*r**4/4 - 2*r**3/3 + 2*r**2 - 3*r - 36255. Calculate y(u).
-27
Let p(s) = -79*s - 81*s + 70 - 74*s + 230*s. Give p(15).
10
Let l(s) = -5*s - 6. Let w = -4644 - -4646. What is l(w)?
-16
Let b(m) = -m + 26. Suppose 0 = 373*n - 383*n. Determine b(n).
26
Let q(c) = 2*c. Suppose -53 = -2*p + 5*r + 11, -2*p = 2*r - 50. Let f be (36/p)/(2/(-3)). Determine q(f).
-4
Let r(s) = -2*s**2 - 8*s - 24. Let j = 13029 + -13032. Give r(j).
-18
Let p(q) = 5747*q + 61*q**2 - 125*q**2 + 65*q**2 - 12 - 5741*q. Determine p(5).
43
Let g(w) = w**2 - 54*w - 343. Let p be g(60). Let m(f) = -f**3 + 15*f**2 + 34*f + 7. Determine m(p).
7
Suppose 21*y = -686 + 770. Suppose 0*v + 20 = 4*v, -9 = 3*k - 3*v. Let q(m) = m**2 - 9*m**3 - k*m - 5 + 5*m + y - 4*m. Determine q(-1).
10
Let x(k) = k**3 + 11*k**2 + k + 11. Let c be (-365)/33 + 6/99. What is x(c)?
0
Let l(h) = 5*h**2 + 38*h + 88. Let o(s) = -11*s**2 - 75*s - 178. Let k(j) = 9*l(j) + 4*o(j). Calculate k(-2).
0
Suppose 0 = -6*z + 438 - 366. Let v(a) = -a**3 + 0*a - 4*a + z*a**2 + 6*a - 2 - 9*a - 13*a. Give v(10).
-2
Suppose u - 2 = -w, -4*w + 8 + 0 = 0. Suppose s - 5*j - 6 - 25 = u, 0 = -4*j. Suppose 3*x - s + 10 = 0. Let k(b) = 2*b - 5. Determine k(x).
9
Let p = 16 - 18. Let i be ((-2)/(-4))/(p/16). Let k(a) = 7*a**3 + 5*a**2 + 7*a. Let j(o) = -o**3 + 1. Let x(y) = 6*j(y) + k(y). Calculate x(i).
-6
Let k(y) = y + 16. Let g(b) = 2*b + 40. Let q be g(-14). Suppose 6*x = 10*x - q. Suppose -4*i + 12 = x*c, 4*i - 8*i = 2*c - 8. Give k(i).
16
Let z(h) = 6*h**2 + h + 0*h**2 + 22 - 24 + 4*h**2 + 2*h**2. Determine z(2).
48
Let y = 9 - 4. Suppose -3*f = y*l - 86, -3*f - 16 = -3*l + 26. Suppose c - 5*a + 4 + l = 0, -3*a - 11 = 4*c. Let u(x) = x + 4. Determine u(c).
-1
Let h(k) = 141*k + 24. Let q(m) = -355*m - 49. Let s(p) = -5*h(p) - 2*q(p). Determine s(14).
48
Let g(v) = -v**3 - 10*v**2 + 13*v + 20. Let a be g(-11). Suppose 4*m + 2*l - l - 13 = 0, -2*m - 2*l = -8. Let x(y) = 0*y + 2*y - m - y**2 - 6*y. What is x(a)?
1
Let v be (-2)/((-14)/42 + (-4)/(-6)). Let m(j) = j**3 + 4*j**2 - 12*j + 5. Calculate m(v).
5
Let t(a) = a - 4. Suppose 7*u - 38 = 18. Let i(j) = -j**2 + 12*j - 31. Let r be i(u). Suppose -c = -3, 3*c + r = 2*k + 2. Give t(k).
0
Let x be -16 + (-12 - -58) + -14. Let c(q) = q**2 - 16*q - 2. Determine c(x).
-2
Let o(j) = -j**3 - j**2 - 7*j + 7. Let y(u) = u**3 + u**2 + 8*u - 8. Let r(x) = -8*o(x) - 7*y(x). Determine r(0).
0
Let j(u) = 7*u - 29. Let p(c) = -5*c + 24. Suppose 22*z - 111 = -15*z. Let b(s) = z*j(s) + 4*p(s). Give b(-10).
-1
Let l(y) = 4*y**2 + 37*y - 20. Let d(x) = -5*x**2 - 37*x + 15. Let s(w) = -3*d(w) - 4*l(w). What is s(1)?
-3
Let k(l) be the third derivative of l**7/2520 - l**6/720 - l**5/60 - 37*l**4/12 + 21*l**2 + l. Let z(m) be the second derivative of k(m). Determine z(-3).
10
Let x(u) = -4*u + 11. Let n(k) = 77*k - 39*k - 36*k - 6. Let v be 3/(-2) + (-104)/(-16). Let l(h) = v*n(h) + 3*x(h). What is l(-6)?
15
Let m(b) = -b**2 + 10*b - 6. Suppose 0 = 3*k - 2*g + 6*g + 848, 3*g = -3*k - 843. Let n = 284 + k. Calculate m(n).
10
Let p(q) = 20 + q**3 + q + 1 - 26*q**2 + 34*q**2 - 10*q. What is p(-9)?
21
Let i(z) = 9*z**3 - 7*z**2 + 41*z + 78. Let a(d) = -14*d**3 + 6*d**2 - 40*d - 77. Let h(m) = -2*a(m) - 3*i(m). Give h(-12).
4
Let d(s) = 2*s - 7. Let i = 152 + -139. Suppose -i + 28 = -3*p. Calculate d(p).
-17
Suppose 73 - 246 = -10*a + 87. Let p(u) = 2*u - 45. Calculate p(a).
7
Let f(x) be the second derivative of -x**5/20 - x**4/4 - x**3/2 - x**2 + 2148*x. Let v(j) = 3*j + 1. Suppose 6*a + 5 = a. Let k be v(a). Give f(k).
0
Let n(x) = -x**2 - 5*x - 5. Suppose 0 = 9*c - 4*c + 13*c. Let j(g) = -g**2 + 9*g - 6. Let l be j(c). Determine n(l).
-11
Let d(o) = -11*o**3 - 9*o**2 + 5*o + 5. Let q(k) = -5*k**3 + k**3 - k + 2*k**3 + 1 + 5*k**3 - k**3. Let s(c) = -d(c) - 6*q(c). Determine s(9).
-2
Let w(g) = -2*g**3 + 5*g**2 + 4*g. Suppose -5*o + 2 = 22. Let q(z) = z**3 + z**2 + z. Let r(x) = o*q(x) + w(x). Give r(-1).
7
Let w be (-49)/(-1) + 6 + -5. Let h = w + -47. Let r(y) = 45*y**2 - 44*y**2 + 3 + 0 - 7*y. Give r(h).
-9
Suppose 0 = -3*t + 2*b + 150, 8*b = 4*t + 7*b - 200. Let f = t + -44. Let j(y) = -6*y + 8. Give j(f).
-28
Suppose 5*o + 14 = 4*j + 4*o, 0 = -4*j + 2*o + 12. Let y(l) = -4*l + 2*l + 3*l. Let p(r) = -3*r + 1. Let n(g) = -p(g) - 4*y(g). What is n(j)?
-5
Let u(c) be the second derivative of -c**5/20 - c**4/6 + c**3/6 - 2*c**2 + 3406*c. Give u(-4).
24
Let g(b) be the second derivative of 0 - 134*b - 3/2*b**3 + 3/2*b**2. Calculate g(1).
-6
Let u be (4 - 2 - 1)/(1/(-18)). Let f = -14 - u. Let w(q) = -2*q**2 + 5*q - 3. Give w(f).
-15
Let y = -28050 + 28089. Let n(s) be the third derivative of 0*s - 1/6*s**3 + 0 + y*s**2 + 1/2*s**4. Calculate n(1).
11
Let n(q) be the second derivative of -q**4/6 + q**3/3 + 4*q**2 - 308*q. Suppose 0 = -8*u + u + 28. Give n(u).
-16
Let h(q) = -10*q - 32. Let i(n) = 19 + 3*n + 22 + 21 - 51. Let y(m) = 2*h(m) + 7*i(m). Determine y(-6).
7
Suppose 41*x - 19*x = 2002. Suppose 0 = -4*r + 614 - 214. Let f = x - r. Let w(g) = -g**2 - 10*g - 6. What is w(f)?
3
Let k(l) = l**2 + 53*l + 153. Let b be k(-3). Let q be ((-2)/(-3))/((-4)/(-12)). Let g(w) = 1 - b*w + 7*w - 5*w + q*w**2 - w**2. Calculate g(2).
3
Let r(x) = -3*x**2 + 19. Let p(q) = q**2 - 7. Let s(i) = 8*p(i) + 3*r(i). Let u = -7 - -11. Give s(u).
-15
Let f(w) be the third derivative of -w**4/8 - 25*w**3/6 + 189*w**2. Give f(-9).
2
Let m(v) = v + 9. Let k(w) = -2*w - 42. Let q(p) = 2*k(p) + 9*m(p). Determine q(-9).
-48
Let d(y) = -y**2 - 44*y + 94. Let j be d(-46). Let x(w) = -w**2 - 2*w**2 + 270 + 2*w**j - 269 + 5*w. What is x(5)?
1
Let j be (689/318)/(11/(-66)). Let v(z) = 2*z**2 + 29*z + 9. Let b(u) = -u**2 - 14*u - 5. Let d(t) = -5*b(t) - 2*v(t). Determine d(j).
20
Let x(t) = -10*t - 43. Let h(a) = 9*a + 39. Let o(j) = -6*h(j) - 5*x(j). What is o(-8)?
13
Let p(h) = h + 17. Let q be p(6). Suppose -q - 27 = -s. Let m = -48 + s. Let c(u) = -u**3 + 3*u**2 - u. Give c(m).
2
Let l(d) = d**3 - 35*d**2 + 65*d + 38. Let y(r) = 443*r + 8007. Let h be y(-18). Calculate l(h).
5
Let o(i) = -689*i**3 + 690*i**3 - 4*i**2 - 3*i - 59 - 2*i - i + 62. Let j be (21/6 - 1)*2. Give o(j).
-2
Let n(b) = -b - b + 1 + b. Let l(c) = -c + 12. Let q be l(5). Suppose 8*j - 45 = -q*j. Determine n(j).
-2
Let v(t) = t + 2. Let o(h) be the third derivative of h**5/60 + 7*h**4/12 - 7*h**3/6 + 12*h**2. Let k be o(-14). Give v(k).
-5
Suppose -2*m + 2*j + 18 = 0, 3*m + 5 = -3*j + 26. Let p(s) = s**3 - 9*s**2 + 11*s - 18. Determine p(m).
6
Let q(x) = -x**2 + x. Let u(c) = 5*c**2 - 8*c - 4. Suppose -15*w = -18*w - 9, -5*r = 4*w - 3. Let a(s) = r*q(s) + u(s). Determine a(4).
8
Let k = 699 - 432. Let f(b) = -7*b - k + b**3 + 138 - 6*b**2 + 137. What is f(7)?
8
Let l(a) be the first derivative of -a**4/2 - 5*a**3/3 - 3*a**2/2 - 4*a + 1835. Calculate l(-2).
-2
Let u(s) = s**3 + 4*s**2 + 2*s - 2. Let g(w) = 28*w**3 + w**2 - 2*w. Suppose 0 = -25*p + 21*p + 4. Let i be g(p). Suppose i = -11*f + 5. Calculate u(f).
2
Let g(r) = 5*r**2 + 27. Let w(z) = 10*z**2 + z + 45. Let h(a) = 5*g(a) - 3*w(a). Determine h(-2).
-14
Let q(s) = -4*s**2 + 8*s - 15. Let u(z) = -z**2 - 1. Let w(p) = -q(p) + 3*u(p). Let r be ((-27)/15)/(3 + (-198)/60). Suppose 8 = -r*t + 7*t. Give w(t).
12
Let o(n) = 5*n**3 + 13*n**2 - 13. Let d(f) be the second derivative of -f**5/20 - f**4/12 - f**3/6 + f**2/2 + 17*f. Let r(p) = -6*d(p) - o(p). What is r(6)?
7
Let v = 104 + -54. Let q = v + -47. Let a(s) = -s + 6. Determine a(q).
3
Let v(g) = -g**3 + 5*g**2 - 2. Let j = 20 - 24. Let t be 3*((-34)/(-6) + j). Suppose 0 = -t*l + l - 2*d + 24, d - 22 = -4*l. Give v(l).
-2
Let c = 6099 - 6088. Let f(t) = -t**2 + 10*t + 14. Give f(c).
3
Let z(v) = -5*v**2 - 2*v - 1. Let n = 33 - 36. Let l be (-2)/(2*n/15). Suppose -l*q - 9 = 1. What is z(q)?
-17
Let v(c) = 3*c**3 - 237*c**2 - 22. Let o be v(79). Let p(k) = -k**3 - 23*k**2 - 19*k + 46. Determine p(o).
-20
Le